ctors of 33768.
2, 3, 7, 67
List the prime factors of 140201.
19, 47, 157
What are the prime factors of 2123?
11, 193
What are the prime factors of 30485?
5, 7, 13, 67
What are the prime factors of 10816?
2, 13
What are the prime factors of 1781?
13, 137
List the prime factors of 9454.
2, 29, 163
What are the prime factors of 12469?
37, 337
What are the prime factors of 36331?
47, 773
List the prime factors of 77828.
2, 19457
List the prime factors of 4462.
2, 23, 97
List the prime factors of 7652.
2, 1913
What are the prime factors of 3469?
3469
List the prime factors of 42281.
42281
List the prime factors of 35899.
35899
What are the prime factors of 1979?
1979
List the prime factors of 741.
3, 13, 19
List the prime factors of 40587.
3, 83, 163
List the prime factors of 56644.
2, 7, 17
What are the prime factors of 136037?
11, 83, 149
What are the prime factors of 151?
151
What are the prime factors of 2359?
7, 337
List the prime factors of 3244.
2, 811
List the prime factors of 5048.
2, 631
List the prime factors of 1604.
2, 401
What are the prime factors of 22313?
53, 421
List the prime factors of 188.
2, 47
What are the prime factors of 1514?
2, 757
What are the prime factors of 11698?
2, 5849
List the prime factors of 541.
541
List the prime factors of 15915.
3, 5, 1061
What are the prime factors of 41205?
3, 5, 41, 67
What are the prime factors of 468?
2, 3, 13
What are the prime factors of 591?
3, 197
List the prime factors of 48116.
2, 23, 523
List the prime factors of 7180.
2, 5, 359
What are the prime factors of 794?
2, 397
List the prime factors of 13038.
2, 3, 41, 53
What are the prime factors of 59278?
2, 107, 277
What are the prime factors of 2582?
2, 1291
List the prime factors of 260.
2, 5, 13
List the prime factors of 18315.
3, 5, 11, 37
What are the prime factors of 1289?
1289
List the prime factors of 19893.
3, 19, 349
What are the prime factors of 12737?
47, 271
List the prime factors of 64165.
5, 41, 313
What are the prime factors of 640?
2, 5
What are the prime factors of 216?
2, 3
List the prime factors of 41867.
7, 5981
List the prime factors of 5.
5
What are the prime factors of 18532?
2, 41, 113
List the prime factors of 2610.
2, 3, 5, 29
List the prime factors of 10742.
2, 41, 131
List the prime factors of 574.
2, 7, 41
List the prime factors of 13183.
13183
What are the prime factors of 59264?
2, 463
List the prime factors of 64530.
2, 3, 5, 239
List the prime factors of 744.
2, 3, 31
What are the prime factors of 12706?
2, 6353
What are the prime factors of 5275?
5, 211
List the prime factors of 2610.
2, 3, 5, 29
List the prime factors of 93059.
93059
What are the prime factors of 76868?
2, 11, 1747
List the prime factors of 88705.
5, 113, 157
What are the prime factors of 1958?
2, 11, 89
List the prime factors of 1851.
3, 617
What are the prime factors of 105782?
2, 227, 233
What are the prime factors of 27738?
2, 3, 23, 67
What are the prime factors of 3462?
2, 3, 577
What are the prime factors of 45459?
3, 5051
What are the prime factors of 45306?
2, 3, 839
List the prime factors of 1181.
1181
What are the prime factors of 68632?
2, 23, 373
What are the prime factors of 164?
2, 41
List the prime factors of 991.
991
List the prime factors of 10979.
10979
List the prime factors of 518.
2, 7, 37
List the prime factors of 1016.
2, 127
List the prime factors of 1111.
11, 101
List the prime factors of 45160.
2, 5, 1129
List the prime factors of 2304.
2, 3
What are the prime factors of 593?
593
List the prime factors of 14449.
14449
What are the prime factors of 18746?
2, 7, 13, 103
What are the prime factors of 2199?
3, 733
What are the prime factors of 23150?
2, 5, 463
List the prime factors of 2316.
2, 3, 193
What are the prime factors of 4410?
2, 3, 5, 7
List the prime factors of 7861.
7, 1123
List the prime factors of 9745.
5, 1949
List the prime factors of 9147.
3, 3049
What are the prime factors of 17517?
3, 5839
What are the prime factors of 402?
2, 3, 67
List the prime factors of 5819.
11, 23
List the prime factors of 55471.
13, 17, 251
List the prime factors of 6062.
2, 7, 433
List the prime factors of 51610.
2, 5, 13, 397
What are the prime factors of 668?
2, 167
What are the prime factors of 6651?
3, 739
List the prime factors of 17849.
13, 1373
What are the prime factors of 149876?
2, 89, 421
List the prime factors of 760.
2, 5, 19
List the prime factors of 13362.
2, 3, 17, 131
What are the prime factors of 4823?
7, 13, 53
List the prime factors of 1028.
2, 257
List the prime factors of 7953.
3, 11, 241
What are the prime factors of 30575?
5, 1223
What are the prime factors of 8238?
2, 3, 1373
What are the prime factors of 11179?
7, 1597
List the prime factors of 61.
61
What are the prime factors of 40274?
2, 13, 1549
List the prime factors of 5147.
5147
List the prime factors of 2765.
5, 7, 79
What are the prime factors of 7644?
2, 3, 7, 13
List the prime factors of 35869.
35869
List the prime factors of 34805.
5, 6961
What are the prime factors of 15243?
3, 5081
What are the prime factors of 649?
11, 59
List the prime factors of 598.
2, 13, 23
List the prime factors of 3691.
3691
List the prime factors of 3035.
5, 607
List the prime factors of 417.
3, 139
List the prime factors of 29713.
43, 691
List the prime factors of 59141.
59141
List the prime factors of 3371.
3371
List the prime factors of 20510.
2, 5, 7, 293
What are the prime factors of 1751?
17, 103
What are the prime factors of 623?
7, 89
List the prime factors of 158.
2, 79
What are the prime factors of 659?
659
What are the prime factors of 2223?
3, 13, 19
What are the prime factors of 5498?
2, 2749
What are the prime factors of 1991?
11, 181
List the prime factors of 208.
2, 13
List the prime factors of 22228.
2, 5557
What are the prime factors of 1514?
2, 757
What are the prime factors of 15296?
2, 239
List the prime factors of 6283.
61, 103
What are the prime factors of 21337?
19, 1123
List the prime factors of 3711.
3, 1237
List the prime factors of 1678.
2, 839
What are the prime factors of 1678?
2, 839
List the prime factors of 4131.
3, 17
List the prime factors of 1358.
2, 7, 97
List the prime factors of 21402.
2, 3, 29, 41
What are the prime factors of 778?
2, 389
List the prime factors of 6558.
2, 3, 1093
List the prime factors of 134031.
3, 43, 1039
What are the prime factors of 739?
739
What are the prime factors of 78572?
2, 13, 1511
List the prime factors of 61865.
5, 12373
What are the prime factors of 12395?
5, 37, 67
List the prime factors of 5450.
2, 5, 109
List the prime factors of 461.
461
What are the prime factors of 2923?
37, 79
List the prime factors of 8277.
3, 31, 89
What are the prime factors of 3955?
5, 7, 113
List the prime factors of 318.
2, 3, 53
List the prime factors of 9144.
2, 3, 127
What are the prime factors of 5072?
2, 317
List the prime factors of 561.
3, 11, 17
What are the prime factors of 1125?
3, 5
List the prime factors of 4404.
2, 3, 367
What are the prime factors of 583?
11, 53
What are the prime factors of 1461?
3, 487
What are the prime factors of 1999?
1999
What are the prime factors of 4404?
2, 3, 367
What are the prime factors of 1343?
17, 79
List the prime factors of 4635.
3, 5, 103
List the prime factors of 2264.
2, 283
What are the prime factors of 311?
311
List the prime factors of 193.
193
What are the prime factors of 3936?
2, 3, 41
What are the prime factors of 12427?
17, 43
What are the prime factors of 3994?
2, 1997
What are the prime factors of 16423?
11, 1493
What are the prime factors of 2822?
2, 17, 83
What are the prime factors of 5959?
59, 101
What are the prime factors of 615?
3, 5, 41
List the prime factors of 907.
907
List the prime factors of 4572.
2, 3, 127
What are the prime factors of 4387?
41, 107
What are the prime factors of 89832?
2, 3, 19, 197
List the prime factors of 7378.
2, 7, 17, 31
List the prime factors of 414.
2, 3, 23
What are the prime factors of 162501?
3, 54167
List the prime factors of 3158.
2, 1579
List the prime factors of 5951.
11, 541
What are the prime factors of 3736?
2, 467
List the prime factors of 43595.
5, 8719
What are the prime factors of 617?
617
List the prime factors of 72073.
72073
List the prime factors of 985.
5, 197
List the prim